120 + -68).
-25
(9 - (9 - 0) - (21 + -1)) + -9 + 16
-13
Calculate (-2 - 1) + (36 - (16 - 80) - 46).
51
Calculate (11 - -36) + 132 + -138.
41
Calculate -4 + -126 + 894 + -840.
-76
Evaluate -7 + (3 - (-9 - -6)) + (55 - (-4 - -12)).
46
Calculate (46 - 0) + (-19 + 8 - -5 - (1 - 7)).
46
Calculate 2 - (-16 + 2 - (2 + -28 - -18)).
8
What is -7 + (34 - (-5 + (-1 - -7))) - (8 - 18)?
36
What is 49 + 6 + -17 - 4 - (-1 - 3)?
38
What is the value of 52 + 47 + -55 + 4?
48
Calculate 24 - (0 + 0 + -22 + -21 + 40).
27
What is -15 - -19 - 3 - 9 - -4 - 25?
-29
Evaluate 641 + -631 + -4 + -14.
-8
Calculate -120 - 0 - (-133 - (-96 + -22)).
-105
Calculate (19 - (-51 + 41)) + 14.
43
-15 - -7 - 0 - (-25 + 11 + -72)
78
What is 14 + -6 + -9 - (6 + 0 + -9) - 50?
-48
Evaluate 42 + 1 + 1 + -263 + 263.
44
Evaluate -786 + 791 + 1 + -3 + -5.
-2
What is the value of (-2 - 1) + -10 - (-16 + (8 - -1))?
-6
(8 - (16 + -21)) + -12 + (-5 - 59)
-63
(-28 - -6 - -47) + -3 - 69
-47
What is the value of (-7 - -18 - (-43 + 124)) + -19?
-89
What is the value of -37 + 9 + 74 + 1 + -2 + 6 + 3?
54
What is 63 + -7 - (-298 - -433)?
-79
Evaluate 2 + -7 + 13 - (206 + -263).
65
Evaluate (16 + 16 - 20) + -12 + -51.
-51
Calculate (-3 - -13) + (-14 + 15 - (-4 - 2 - 38)).
55
-15 - (1 + -4 - (1 - 2)) - (-173 + 178)
-18
(-328 - -650) + -330 + 8 + 0 + (-1 - -2)
1
Evaluate -9 + 22 - (3 + -2 - (19 + -67)).
-36
What is the value of -35 + 38 + (0 - (-88 - -4) - (16 - 24))?
95
What is 9 + -19 + 12 + -1 + 4 + 20 + -9?
16
What is (26 + -1 - (10 + 8 - 4)) + (13 - 51)?
-27
Calculate -19 + 9 + -12 + -25 - 11.
-58
What is the value of 42 + 2 + 400 + -402?
42
What is 0 + (8 + (8 - 14) - -6 - 1)?
7
What is the value of 8 + 9 + (23 - 7) - -72?
105
Calculate -49 + (-6 - ((27 - 24) + -20 + 2)).
-40
Evaluate -112 + (-35 - -15 - -60) + -10.
-82
What is (15 - 18) + 10 + 6 + (7 - 0)?
20
What is (24 + 94 - 18) + -6?
94
What is -58 - (40 + -112 - -59)?
-45
Evaluate -12 - (0 - -27 - 4 - (-10 + 15 - 1)).
-31
Calculate -113 + 3 - (-2425 - -2193).
122
What is (1082 - 1081) + -2 + -28?
-29
(-5222 - -5305) + (-9 - 1)
73
What is the value of -9 - -41 - (-4 + -4 + -3)?
43
-78 + 75 + (-4 - -2 - (10 - (-24 - 1)))
-40
What is the value of -46 + 115 + -45 + -17?
7
Calculate -56 + 54 + 29 + 50.
77
(-7 - (0 + -2)) + (45 - -5) + -92 + 20
-27
What is the value of (-37 - ((-1 - (-2 - -1)) + 2)) + 10321 + -10324?
-42
Calculate (12 - (-94 - -80)) + (-1 - -8 - 1) + 2.
34
Evaluate 48 + 17 + (2 - 2 - (-77 - -83)).
59
What is the value of -397 + 437 + (2 - -4 - 51)?
-5
Calculate -1 + -3 + (108 - 39) - (54 - 48).
59
Calculate 0 + -21 + 14 - -3 - 90 - -2.
-92
Evaluate 4 + -3 + -20 - (-6 - -7).
-20
6 + 11 + 2 + (-7 - -2) - (-338 - -337)
15
What is the value of (132 - 17 - (16 - -28 - 21)) + 2?
94
Evaluate (-706 - -707) + 0 + 44.
45
What is the value of 2 - (-79 - (28 + -51 + -21))?
37
-108 + (96 - (12 - -34))
-58
What is the value of -10 + (0 + 3 - (0 - 16 - 14))?
23
Calculate (105 - 175) + -1 + 50.
-21
(86 - (-10 + 18 + (-4 - (1 + -6)))) + -8
69
What is -144 + (89 - 85) - -239?
99
Calculate -8 - -2 - (-4 + (0 - 24)).
22
Evaluate -3 - (-93 + 145 + -192).
137
-3 - (-7 + 6 + 2 + -1 + -35)
32
What is -3961 + 3929 - (1 + -4)?
-29
What is the value of (-38 - -69) + (16 - 47)?
0
Calculate 21 + (30 + -42 - (-1 + 2)).
8
What is 76 - (24 + -24 - -23) - 14?
39
(2805 - 2753) + -12 + (1 - 2)
39
What is -8 + 22 - -67 - (41 - 40)?
80
What is the value of (-173 - 16) + 82 - -51?
-56
Calculate (0 - 37 - 4) + (7 - 2).
-36
Evaluate (16 - -15 - (-3 + -16)) + 16.
66
50 + (53 - 23) + 8 + -51
37
-13 - (-7 + -39 - (5 + -27))
11
Evaluate -59 + -59 + (79 - 3).
-42
What is the value of (-29 - -22) + -75 + 5 + (7 - 10)?
-80
What is the value of ((19 - (-17 + 18)) + -22 - 5) + (75 - -2)?
68
Calculate -1 + (1 - -15) + -1 + -31 + 32 + -2.
13
What is the value of -76 + 27 + 60 + -30?
-19
What is (161 - 229) + 7 + 17?
-44
What is the value of (-294 - -274) + 5 + -10 + 65?
40
Evaluate 4 + -1 + -91 + 204 + -88.
28
Calculate -63 - (-171 - (28 + -73)).
63
What is 3 + (-1 + -21 - -8) - (-114 + 30)?
73
What is the value of 77 + -131 - ((1 - 10) + -7)?
-38
0 + 35 + (-2572 - -2572)
35
-37 - (52 + 21 + -29)
-81
What is the value of -118 + (281 - 14) - 116?
33
Calculate 10 + (35 + (-4 - (-3 - -12)) - 0).
32
Calculate -13 + 15 - 98 - (-40 + 26).
-82
Calculate -56 + 34 + (2 - -2) - -47.
29
What is (-4 + 4 - -1 - -2 - 7) + -21 + -12?
-37
(-24 - (-67 - -31)) + (-3 + 6 - 24) + -97
-106
Calculate -21 + 7 + 2 + 5 + -2 + 259 + -248.
2
Calculate -69 + (58 - 58) - 10.
-79
Evaluate (1 + -1 - (2 + 1 + 1)) + -2974 + 2972.
-6
What is the value of 24 - -62 - 176 - -148?
58
What is the value of (-7 - -20) + 1 - (3 + 9 + (-22 - 0))?
24
What is the value of -33 + (-301 - -65) + 134?
-135
Calculate 12 + (3 - 1) + -20958 + 20875.
-69
Calculate (-69 - ((30 - 22) + -22)) + 19.
-36
Calculate 16 + -7 + -3 - (-33 - -66).
-27
Evaluate -53 + (49 - 141) + 159.
14
Calculate -36 + -1 - (-251 - -221 - -20).
-27
Evaluate (1 - -4) + (6852 - 6932).
-75
What is 8 - 14 - -14 - 9 - -7?
6
What is the value of -72 + 192 + 1 + -118?
3
What is -14995 + 15107 + (-2 - 99)?
11
Calculate (-2 - (-67 - 0) - (-5 - -5)) + -13 + 4.
56
What is 24 - (-99 - -45) - 34?
44
(-6 - (70 - 18)) + 25 + -38
-71
Evaluate (-23 + 41 - 48) + 39.
9
Calculate 87 - (-2 - -4) - ((79 - 29) + -61).
96
(-57 - -2) + 63 + -93 - (13 - -1)
-99
What is -22 + -113 + 129 + (-8 - -2)?
-12
Evaluate -41 + (19 + -14 - -9) + -5 + 2.
-30
Evaluate -29 - (203 - 199 - (0 + -5) - 0).
-38
(-82 - (28 - 188)) + -190
-112
36 + -2 + (-9 + 27 - 67)
-15
What is (-9 - 33) + (-64 + 70 - (-2 + 2))?
-36
(-11 + 51 - 98) + (-10 - -22)
-46
What is (21 + -37 - 26) + -5?
-47
Evaluate -43 + 13 + (-6 - -22) + -53.
-67
-3 + -8 + -1 + (0 - -76 - (1363 - 1343))
44
Calculate -10 - 1 - 6 - (40 - 14).
-43
What is the value of (-68 - (-102 + 88)) + 85?
31
Evaluate (10 + -30 - (20 - 65)) + -10.
15
22 + (-79 - -41) + 43
27
What is 142 + (-1 - -51 - (-1363 - -1405))?
150
What is the value of 12 + -4 - (29 - (-27 - -51))?
3
Calculate -16 + 4 + 21 + -10 + 7 + (-4 - -8).
10
What is -1 - (2 - -2) - (-10 + -13 + 10 + 24)?
-16
What is the value of (-6 - (5 + -5 + -1) - -17) + (172 - 180)?
4
What is 11 + -3 + 3 + 216 + -236 - -44?
35
Evaluate 48 + 79 + 28 + -85.
70
-9 - 10 - -9 - -3 - (-4 + 39 + 3)
-45
What is (-62 - (28 - (2 + 14))) + 16 + -29?
-87
What is the value of (-1 + (7 - -3) - (-34 - -29)) + -8?
6
5 + 104 - 22 - 40
47
What is the value of ((1 - -15) + -15 - 11) + (-1 - -2 - 39)?
-48
Evaluate -45 - (-80 + -24) - 8.
51
22 + 0 - (1039 + -963)
-54
What is 2126 + -2207 + (-5 - 34)?
-120
Evaluate 3 + (1 - 0) + (-6 - (1 + 4)) + -8.
-15
What is the value of (47 - 41 - (-1 + (-1 - -45))) + -1 + 0?
-38
What is the value of (-18 - 49) + 128 + -56?
5
-9 + -12 - -14 - (61 + -118)
50
What is -2 + -4 + (-19 - 1) + 16 + 54?
44
Evaluate 18 + (16 - ((0 - -7) + 111 - 15)).
-69
What is (63 - 5) + -16 + -69?
-27
What is 73 - (-4 - (-10 + -10 + (12 - 0)))?
69
What is the value of -3 + -1 - (-155 + 173 - (33 - 2)) - 77?
-68
20 - (-13 - 73) - 58
48
What is the value of 24 + (-368 - -384) + (1 - -5)?
46
25 + (38 - (13 - -8))
42
Calculate -67 + (9 - 2) + -122 + 137.
-45
Calculate 68 + -116 + 62 + 55.
69
(1 - -8 - 1) + 76 + (44 + -61 - 7)
60
(-166 - -121) + -6 + 77
26
Evaluate (-30 - -31) + (-4 - 4 - (-7 - -13)).
-13
What is -43 - (27 - 55) - ((-94 - -4) + 2)?
73
What is the value of 1 + -18 + (85 - -10 - 99)?
-21
What is the value of -92 - (-46 + 59 + -7 + 4 + 1 + 2)?
-105
Calculate -124 - (-76 - -117) - -97.
-68
What is 14 + (3 - 8) + 14 + 14 + 17?
54
What is -45 - -65 - (-3 - -3) - -5?
25
-97 - (-268 - -59) - 77
35
What is the value of 47 - 29 - 25 - (3 + -13)?
3
Evaluate -5 - (39 + -27) - (-18 - (-2 + -3)).
-4
What is (27 - (-6 - -14)) + -15 - (3 + -15)?
16
What is the value of (-22 - -46) + -22 + -13 + 2 + 0?
-9
93 + (-101 + 18 - -44 - -51)
105
Calculate -39 - 15 - (4 + (-1 - 9) + -7).
-41
What is the value of 39 - 0 - (-9 + (13 + -7 + 14 - 10))?
38
-43 - (-120 - (110 - 201))
-14
-17 + (1 + 130 - (13 - -29 - 44))
116
Calculate 25 + -76 + 85 - 26.
8
Calculate (10 + -2 - 8) + (-6 - (5 - (-32 + 8))).
-35
What is 26 - (-14 + 32 + 23) - (-3 + 3 - 0)?
-15
What is the value of -179 - 10 - -111 - 15?
-93
What is (-2481 - -2539) +